s divided by 750.
740
What is the remainder when 1716969 is divided by 1086?
3
What is the remainder when 322640 is divided by 44?
32
What is the remainder when 501525 is divided by 595?
535
What is the remainder when 480042 is divided by 30?
12
What is the remainder when 3932737 is divided by 1181?
7
Calculate the remainder when 12240292 is divided by 1224025.
42
What is the remainder when 419770 is divided by 495?
10
What is the remainder when 2072678 is divided by 408?
38
Calculate the remainder when 183161354 is divided by 61053783.
5
What is the remainder when 1275491 is divided by 23558?
3359
Calculate the remainder when 26959913 is divided by 329.
8
What is the remainder when 77386754 is divided by 182?
172
Calculate the remainder when 2905133 is divided by 1452564.
5
Calculate the remainder when 39664484 is divided by 3974.
3964
What is the remainder when 136489 is divided by 1518?
1387
What is the remainder when 5385102 is divided by 495?
492
Calculate the remainder when 3371593 is divided by 265.
263
Calculate the remainder when 13614334 is divided by 39.
19
Calculate the remainder when 2956089 is divided by 33.
15
Calculate the remainder when 4560186 is divided by 510.
276
Calculate the remainder when 3990507 is divided by 93.
63
Calculate the remainder when 40170 is divided by 12873.
1551
What is the remainder when 875504 is divided by 291732?
308
What is the remainder when 28655722 is divided by 4048?
3978
Calculate the remainder when 123612 is divided by 60024.
3564
Calculate the remainder when 383769 is divided by 298.
243
Calculate the remainder when 3404103 is divided by 171.
6
What is the remainder when 1105381 is divided by 73692?
1
Calculate the remainder when 9117492 is divided by 5105.
5067
Calculate the remainder when 347826 is divided by 253.
204
Calculate the remainder when 1229302 is divided by 614625.
52
Calculate the remainder when 4955970 is divided by 994.
880
What is the remainder when 17755503 is divided by 17755479?
24
Calculate the remainder when 210886 is divided by 854.
802
Calculate the remainder when 114140367 is divided by 6.
3
Calculate the remainder when 1821503 is divided by 71.
69
Calculate the remainder when 52648 is divided by 17182.
1102
Calculate the remainder when 124795656 is divided by 6568191.
27
Calculate the remainder when 51312151 is divided by 373.
33
What is the remainder when 698237 is divided by 201?
164
Calculate the remainder when 4118585 is divided by 338.
55
What is the remainder when 9220831 is divided by 4610406?
19
What is the remainder when 22002 is divided by 300?
102
What is the remainder when 5612653 is divided by 16?
13
What is the remainder when 376782 is divided by 125587?
21
Calculate the remainder when 138108 is divided by 45929.
321
Calculate the remainder when 60803775 is divided by 58.
55
Calculate the remainder when 5514609 is divided by 55703.
12
What is the remainder when 61731 is divided by 822?
81
Calculate the remainder when 3041 is divided by 1025.
991
Calculate the remainder when 153571 is divided by 848.
83
What is the remainder when 3712077 is divided by 495?
72
What is the remainder when 22335343 is divided by 22335339?
4
What is the remainder when 58465878 is divided by 63412?
14
What is the remainder when 93338 is divided by 91877?
1461
Calculate the remainder when 49609512 is divided by 16536504.
0
Calculate the remainder when 10214028 is divided by 142.
110
What is the remainder when 601729 is divided by 3907?
51
Calculate the remainder when 771006 is divided by 4361.
3470
What is the remainder when 51942231 is divided by 140006?
5
Calculate the remainder when 13536062 is divided by 17.
16
What is the remainder when 189604 is divided by 369?
307
Calculate the remainder when 228091 is divided by 552.
115
What is the remainder when 6310803 is divided by 893?
865
What is the remainder when 120465179 is divided by 498?
473
What is the remainder when 663790766 is divided by 3184?
3182
Calculate the remainder when 4740053 is divided by 2370022.
9
What is the remainder when 41868 is divided by 19469?
2930
What is the remainder when 278980 is divided by 2698?
1086
Calculate the remainder when 39229 is divided by 39156.
73
Calculate the remainder when 1140060 is divided by 3073.
3050
Calculate the remainder when 68224663 is divided by 157.
156
Calculate the remainder when 21696769 is divided by 1752.
1
What is the remainder when 1055277598 is divided by 1192?
1190
What is the remainder when 805390 is divided by 15486?
118
What is the remainder when 2222972 is divided by 7491?
5636
What is the remainder when 26180 is divided by 156?
128
What is the remainder when 958759251 is divided by 5127?
5124
What is the remainder when 249185 is divided by 1533?
839
Calculate the remainder when 205347 is divided by 5690.
507
Calculate the remainder when 96397 is divided by 1888.
109
Calculate the remainder when 103324 is divided by 51646.
32
What is the remainder when 1500691 is divided by 546?
283
Calculate the remainder when 973664 is divided by 17385.
104
Calculate the remainder when 38540740 is divided by 86.
12
Calculate the remainder when 54702 is divided by 27345.
12
Calculate the remainder when 12302490 is divided by 251.
227
What is the remainder when 9411 is divided by 1049?
1019
What is the remainder when 102355996 is divided by 122729?
10
What is the remainder when 3387454 is divided by 1084?
1038
What is the remainder when 91416 is divided by 7551?
804
Calculate the remainder when 4366523 is divided by 24531.
5
What is the remainder when 619962 is divided by 4078?
106
What is the remainder when 11474881 is divided by 90?
61
Calculate the remainder when 33027639 is divided by 359.
357
Calculate the remainder when 181586 is divided by 10549.
2253
Calculate the remainder when 239970 is divided by 300.
270
Calculate the remainder when 283923 is divided by 2449.
2288
What is the remainder when 104993 is divided by 2950?
1743
What is the remainder when 7802703 is divided by 19703?
315
Calculate the remainder when 7367351 is divided by 2455783.
2
Calculate the remainder when 184116790 is divided by 356.
354
What is the remainder when 258453 is divided by 4302?
333
What is the remainder when 408933 is divided by 134237?
6222
Calculate the remainder when 12690 is divided by 2345.
965
What is the remainder when 6583670 is divided by 13?
2
What is the remainder when 209802 is divided by 1038?
126
Calculate the remainder when 55201 is divided by 253.
47
Calculate the remainder when 85432 is divided by 85432.
0
What is the remainder when 3157957 is divided by 4054?
3945
Calculate the remainder when 192407 is divided by 23238.
6503
Calculate the remainder when 6579479 is divided by 182.
179
Calculate the remainder when 31607700 is divided by 112.
68
Calculate the remainder when 298353 is divided by 16535.
723
Calculate the remainder when 177935 is divided by 58938.
1121
What is the remainder when 455157 is divided by 32506?
73
Calculate the remainder when 1369246 is divided by 210.
46
What is the remainder when 5371222 is divided by 84?
10
What is the remainder when 6686026 is divided by 1149?
1144
Calculate the remainder when 51543893 is divided by 345932.
25
Calculate the remainder when 21092 is divided by 738.
428
Calculate the remainder when 83714709 is divided by 357.
351
What is the remainder when 7799802 is divided by 1601?
1331
Calculate the remainder when 106952895 is divided by 30.
15
What is the remainder when 155230 is divided by 813?
760
What is the remainder when 4778181 is divided by 281069?
8
Calculate the remainder when 775912 is divided by 24247.
8
What is the remainder when 4100075 is divided by 299?
187
What is the remainder when 29662938 is divided by 5932585?
13
What is the remainder when 3944766 is divided by 1972376?
14
What is the remainder when 15604783 is divided by 12434?
113
Calculate the remainder when 134220 is divided by 253.
130
Calculate the remainder when 82530 is divided by 7498.
52
What is the remainder when 53859350 is divided by 203?
202
What is the remainder when 46113 is divided by 11398?
521
What is the remainder when 489699 is divided by 244747?
205
What is the remainder when 143861 is divided by 1754?
33
Calculate the remainder